uate 72 - (-1 + -7 - 7 - 0).
87
What is the value of 90 + -26 + -5 + -3 + 18 + (9 - 0)?
83
(-7 - -95 - 5) + 850 + -864
69
What is (-107 - (163 - 248)) + -23 + 1?
-44
Calculate -23 - (-15 + 38 + (-32 - -24)).
-38
What is -43 - (-67 + 92 + -40)?
-28
Evaluate 51 + 22 + (0 - 1 - (16 - 9)).
65
What is 124 + (3 - (-60 + 60))?
127
What is 138 - -1 - (-73 + -12 + 17 - -75)?
132
What is (327 - 339) + -1 + -69 - (1 + -3)?
-80
2 + (-10 - -4 - -3) - ((-24 - -62) + -29)
-10
What is (0 - 11) + -7 + (-13 - (10 - -36))?
-77
What is the value of 75 + -32 + (3 - 9) + (-5 - (-7 - 1))?
40
What is the value of 2327 + -2182 - (6 - -93)?
46
Calculate 8 + 1 - (-17 + 29 + 8 - -21).
-32
Calculate 87 + 25 - (-12 - -44 - -2).
78
Calculate -29 + ((-11 - -31 - 8) + -7 - 3).
-27
Evaluate -10 + -18 + 19 + 6 + -17.
-20
49 + -16 + 3 + -13 + 14 + -13
24
Calculate 82 + (42 - 52 - 1 - (-7 - 1)).
79
What is the value of -20 + 48 - 39 - 18 - 17?
-46
Calculate -356 + 313 - (-77 - -13).
21
What is the value of 0 - (-44 - 52 - -69 - (0 + 0))?
27
Evaluate 70 - (-26 + (-12 - -14 - -35)).
59
(-81 - -167 - 57) + -49 + 1
-19
Evaluate -27 - (7 - 4 - ((1 - 6) + (-35 - -29))).
-41
Calculate (-25 + (15 - -1) - (-18 - -2)) + 44.
51
Evaluate -48 - (-78 + -50 + 6).
74
Evaluate (-77 - -157 - 53 - (71 - 0)) + (1 - -1).
-42
What is the value of 38 - (105 + (-3 - 17))?
-47
What is the value of -63 + (18 - 10) + 64?
9
3 - 24 - (1 - 21) - (-1 + -10)
10
What is the value of -14 - -8 - (91 + -82 - (-1 + 7) - -20)?
-29
Evaluate -2 + 0 + 23 - (82 + (-30 - -50)).
-81
Calculate -74 - (-11 - (36 - 16)).
-43
What is -19 - 1 - (-11 - 30 - 46)?
67
What is (-25 - -17) + -110 + 58?
-60
What is the value of 11 - (-95 + (108 - 46))?
44
What is the value of 57 - 85 - (-125 + 42)?
55
-11 - -14 - 17 - (-60 - -43) - (-12 - -1)
14
What is 48 + (25 - 3) + -33?
37
What is 36 + (-125 - (3 + -7)) + -10?
-95
What is the value of (-13 - 3) + (-1316 - -1360)?
28
What is the value of 1 + (0 - -21) + (-3 + 0 - (1 - 4))?
22
-171 + 126 + -61 + 52
-54
(75 - 47) + (17 - 60) - (11 + 2)
-28
What is (-2 + -3 - (-1 + 15)) + 874 + -877?
-22
What is the value of (10692 - 10729) + -1 + 66 - (1 - (1 + -8))?
20
What is the value of 10974 - 11069 - (0 + -57)?
-38
Calculate -2 - (1 + -16 + -1384 + 1429).
-32
What is the value of -482 + 331 + (2 - -72)?
-77
Evaluate -22 + 4 + (17 - (-17 - -49)) + -20.
-53
Calculate -53 + 111 + -57 - -12.
13
11 - (-4 + (7 - (34 + -8)))
34
Evaluate -13 + (10 - 6) + -1 + (12 - 13).
-11
What is the value of (81 - (96 + -19) - (-1 - (1 - 1))) + -51?
-46
Evaluate 9 - 17 - (275 + -201 + (-1 - -2)).
-83
What is the value of 32 + -83 + (22 - (15 + -1) - (-1 - -6))?
-48
Calculate -12 - -15 - ((46 - (6 + 5)) + (0 - 2)).
-30
What is (28 + -6 - (-1 - -47)) + -16?
-40
(-1 - 15) + (4 + 126 - (-151 + 185))
80
Calculate -6 + -1 + 4 + -1 + (-62 - (62 - 115)).
-13
Calculate -27 - (-73 - 22) - 40.
28
What is 21 + -47 - (-40 - -59)?
-45
Evaluate 16 - 24 - (250 - 190).
-68
What is the value of -10 + -39 + 6 + 2 + -43 + 28?
-56
What is 2054 - 2084 - ((2 - 1) + 22)?
-53
Evaluate 11 - 4 - (-1 + 46) - 13.
-51
What is the value of -49 + (3 - 9) + (1 - -5 - (-76 - -83))?
-56
2 - ((0 - -7) + (17 - 28) + 8)
-2
Evaluate 83 + -44 + 35 + -87.
-13
Calculate -38 + 61 - 59 - -7 - -133.
104
What is the value of 16 + -8 - (2 + -4 + (3 - 13))?
20
(-13 - 1) + (7 - 50) + 64 - (81 + -1)
-73
What is -12 + 20 + -13 + 16 + 98 - 18?
91
Calculate -90 + (45 - -18) - (-3 + -11).
-13
Calculate (-9 + -1 - (10 + 118 + -13 + -24)) + -8.
-109
Calculate (-21 - -19) + (14 - (10 - 17)).
19
What is the value of (11 + -7 - (-7 + 0 - -13)) + (0 - -50)?
48
Evaluate -64 + 13 + -111 + 84.
-78
Evaluate 47 - (-78 + -18 + 61).
82
What is the value of -16 + (-19 - (-37 - -33)) + 31?
0
What is 2 - (-30 + 34 - -16)?
-18
-62 - (93 + -99) - (3 + 3 + -4 + 10)
-68
Evaluate -48 - ((14 - (22 - 46)) + -58).
-28
What is (25 + 6 - (47 - 0)) + 121 + 2?
107
1 - 49 - (12 - (57 + -55 + 16))
-42
What is the value of -42 - 0 - (99 + -71 - 49)?
-21
What is 7 - (-20 + (6 - -7 - (-31 + 19)))?
2
What is 0 + (46 - (42 + -39))?
43
Calculate 129 - 2 - (-8 - ((-6 - -3) + 7 - 22)).
117
Calculate -9 + 6 + -7 + 7 + (-183 - -139).
-47
What is 115 + -108 + 84 + -35?
56
What is 80 - (601 + -585 + (-2 - -2))?
64
-21 + 5 + -4 + (-1 - -16) - 20
-25
Evaluate (810 - 781) + (-62 - -6).
-27
What is the value of -90 + 170 + -76 - -25?
29
-2 + 72 + (-73 + 169 + -119 - (-7 + -1))
55
Evaluate -12 - 47 - (319 + -435).
57
What is 10 - (14 + 0 - (-96 - -109) - -51)?
-42
What is the value of 19 + (-10 - 7) + 2 - (17 - 7)?
-6
(702 - 430) + -277 + (-1 + 2 - 102)
-106
2 - -4 - (9 + -44 - -36)
5
-60 + (480 - 505) + (-4 - 1) + 1 + 14
-75
What is the value of 444 + -290 - (84 - 3)?
73
What is -71 + (-22 - -34) - (-6 + -9 + 23)?
-67
-6 - -28 - (-84 + 94 - (-1 - -3))
14
What is (-1 - 0) + 56 + 57 + -114 - -3?
1
Calculate -16 + (658 - 670) + -1 + 11.
-18
-2 + 12 - ((11 - -2 - -2) + -16)
11
(-5 - -16) + 5 - (-25 - 6)
47
529 + -540 + (19 - (1 + 0))
7
(-10 - ((-4 - (21 + -21)) + 3 + -3)) + 81
75
What is -102 + 44 + -57 + 135?
20
Evaluate (24 - 32 - -29) + 0 - -34.
55
Calculate 39 + (-44 - -32) - -10.
37
What is the value of -36 + 39 + -40 + (7 - (2 + 7))?
-39
What is the value of -1 - (-9 - (-19 + (-5 - -22) - 42))?
-36
What is 26 - -5 - (107 - 62)?
-14
What is the value of -70 - -9 - (-991 - -844)?
86
What is 114 + -104 + -5 + 64 + 10?
79
What is (-42 - -46) + -94 - (3 + -24)?
-69
Calculate -75 - (-52 + 100 + -143).
20
19 + -25 + (-36 - (4 - 7)) + 7
-32
Calculate 2 + -2 - 4 - -10 - (32 + 7 + -4).
-29
What is the value of -2 + (-5 - ((69 + -68 - 13) + (1 - -67)))?
-63
Evaluate (14 - (2 - (15 + (-5 - 21)))) + -60.
-59
Calculate 30 - 83 - -34 - (-1 - 9) - 23.
-32
What is the value of (-14 - -1) + -11 + 18 - 8 - (-2 + 4)?
-16
Evaluate -11 - -9 - (-19 + 1) - (-2797 + 2911).
-98
Calculate -18 + (-8 - (15 + (-140 - 18) + 20)).
97
Calculate 844 - 753 - (-21 + 58).
54
-405 + 262 - (-45 - -23)
-121
What is -92 + 0 + 50 + 3?
-39
What is 0 + -6 + (-3 - (7 + -20)) + -10 + -15?
-21
What is the value of (89 - 3) + 2278 + -2377?
-13
Evaluate -37 + -66 + 15 + 126.
38
Evaluate (-15 + 0 - -6) + (7 - (4 + 0 - -35)).
-41
Calculate 3 + (12 - (6 - -1)) + 9 + -19.
-2
Calculate 107 - (-281 + 136 - -296).
-44
What is the value of 52 - (-3 - 18 - -60)?
13
What is -4 + 12 + (49 + 36 + 32 - 17)?
108
(50 - (-10 + 32)) + -2 + 6
32
What is 49 - (17 - (-8 - -15) - 17)?
56
-36 + (147 + -1 - (-338 + 345))
103
What is -233 + 25 + 164 + 54?
10
Evaluate -42 + 22 + 49 - 39.
-10
4 - 31 - (0 + 4 + 5)
-36
What is 137 + -84 + -78 - 55?
-80
Calculate 4 + -3 - (-1 + 10 + (-8 - (11 - 7))).
4
Calculate 75 - (38 + -67 + 45).
59
What is the value of 816 - 817 - (0 + 33)?
-34
Evaluate 12 + (-7 - -9 - (0 - -2) - 13).
-1
Calculate (-19 - 3 - -5) + 102 + (22 - 43).
64
-4 - (38 + -33 + 21)
-30
What is 12 + (29 - 16 - -68) - (34 - 18)?
77
Evaluate -18 + (94 - 84 - (-56 - 1)).
49
-44 + (27 - (16 + -15 + 9)) - 12
-39
40 - (-47 - (-41 + -10))
36
Evaluate 51 + (-27 - (-15 + 45)).
-6
What is the value of -685 + 765 + -7 + -2?
71
Calculate (13 - 13) + -1 + -1 - (7 - (67 + -24)).
34
What is 94 + -148 + -4 + 38?
-20
What is -34 + 53 + -49 + -18?
-48
14 + -3 + (-10 - (12 + -3 - 21))
13
What is the value of (156 - 157) + (0 + -5 + 9 - (-4 + 80))?
-73
What is -132 + 114 - (13 - 1) - -12 - (17 - 3)?
-32
(2 - -9 - (-210 + 217)) + -25
-21
What is -21 + -2 + 5 + 17 + 22?
21
Evaluate (-3 + (-26 - -13) + 2 - -4) + -2.
-12
Evaluate -16 + (-36 - (-20 + 36 - 52)).
-16
Calculate -6043 + 6086 + -1 + -82.
-40
(-16 - -42 - 6) + (-25 - 2)
-7
What is the value of 46 - ((3 - 1) + -7 + 11 + 4 + -13)?
49
What is 9 + (15 - 2 - (-45 + 46))?
21
What is the value of -118 - (108 + -200) - -83?
57
Calculate -62 - ((-36 - -22 - -26) + -34 + 9).
-49
Evaluate 177 + (-116 - -9) - 92.
-22
458 + -244 - 222 - (-10 - (3 + -1 + -2))
2
Evaluate (72 - 10) + -30 + 16 + -18.
30
What is (1019 - 976) + (-3 - 90)?
-50
What is the value of (-89 + 114 - 11) + -3 + 2 + 0 + 40?
53
Calculate -87 - ((11 - (4 + 1)) + 7 + -15 + 0).
-85
What is the value of 2 - -52 - (0 + (-22 - -5) + (-21 - -41))?
51
Evaluate -9 + (23 - 5 - 19).
-10
42 - 28 - ((30 - (-8 + 4)) + 6)
-26
What is the value of -5 - 0 - -15 - (22 + (-13 - -13) - -12)?
-24
-164 + 